323 a factor of 12319220?
True
Is 45 a factor of 13717764?
False
Is 495790470 a multiple of 1701?
True
Is 30962107 a multiple of 1604?
False
Does 13 divide 19942507?
True
Is 8489137 a multiple of 10?
False
Is 5558859 a multiple of 10?
False
Does 155 divide 71345105?
True
Does 261 divide 299377598?
False
Does 17 divide 105863396?
False
Is 6 a factor of 389649806?
False
Is 68555354 a multiple of 39?
False
Does 2448 divide 472593744?
True
Is 17824961 a multiple of 77?
True
Is 229 a factor of 126755326?
False
Is 26 a factor of 23578854?
True
Is 156 a factor of 675128601?
False
Does 298 divide 124866909?
False
Does 334 divide 430827391?
False
Is 23 a factor of 13470571?
True
Is 12 a factor of 1579700530?
False
Is 263004306 a multiple of 2059?
True
Does 202 divide 8131914?
True
Is 42849801 a multiple of 11309?
True
Is 20 a factor of 71331088?
False
Does 789 divide 89057586?
True
Does 214 divide 71823750?
True
Is 28690343 a multiple of 271?
False
Does 2185 divide 329768940?
True
Does 481 divide 116242042?
False
Is 212067504 a multiple of 528?
True
Does 51 divide 17521975?
False
Is 1095 a factor of 466651998?
False
Is 101435800 a multiple of 1670?
True
Is 24 a factor of 130995840?
True
Is 1241 a factor of 811096503?
True
Is 14095319 a multiple of 49?
False
Is 5513163348 a multiple of 284?
True
Is 837 a factor of 3780729?
True
Is 504 a factor of 1887545079?
False
Is 94 a factor of 53485733?
False
Is 46707667 a multiple of 3?
False
Is 820444149 a multiple of 1796?
False
Is 198 a factor of 2786189868?
True
Is 93 a factor of 5824495?
False
Is 187744129 a multiple of 5?
False
Is 5 a factor of 223478510?
True
Does 313 divide 13419552?
False
Is 34933840 a multiple of 18?
False
Does 1342 divide 65374188?
True
Is 5969562746 a multiple of 40?
False
Is 357247698 a multiple of 2833?
False
Is 14003296 a multiple of 21?
False
Does 1879 divide 432573086?
False
Is 330 a factor of 226536939?
False
Is 11 a factor of 140722395?
True
Does 35 divide 751829610?
True
Is 12 a factor of 36589780?
False
Is 12 a factor of 49290626?
False
Is 2494937 a multiple of 17?
True
Is 75166536 a multiple of 12?
True
Is 82 a factor of 166958144?
False
Is 1156 a factor of 42172734?
False
Is 11 a factor of 34167637?
False
Does 63 divide 564569019?
True
Is 36 a factor of 17874540?
True
Is 43261240 a multiple of 55?
True
Is 40959340 a multiple of 10?
True
Does 6 divide 67031796?
True
Does 19 divide 208174201?
False
Does 42 divide 2300496263?
False
Is 18 a factor of 888588?
True
Is 23 a factor of 223778107?
False
Does 409 divide 18408272?
True
Is 51 a factor of 626981556?
True
Does 14 divide 10585848?
True
Is 19 a factor of 82658645?
True
Does 2674 divide 173875955?
False
Is 1532 a factor of 1117736348?
False
Does 14 divide 91942046?
True
Is 220 a factor of 14638273?
False
Does 265 divide 63676461?
False
Is 91745311 a multiple of 278?
False
Does 16 divide 1302620471?
False
Is 9240574 a multiple of 121?
False
Is 143283564 a multiple of 237?
True
Is 10 a factor of 49045563?
False
Is 2865 a factor of 12259335?
True
Does 80 divide 22979680?
True
Does 80 divide 28513440?
True
Is 24453981 a multiple of 81?
True
Does 203 divide 655534141?
False
Does 33 divide 16264281?
True
Is 902559840 a multiple of 45?
False
Is 3 a factor of 52526639?
False
Is 1469 a factor of 9645454?
True
Is 387 a factor of 3359168148?
False
Is 42380070 a multiple of 265?
False
Is 3031181 a multiple of 3?
False
Is 169 a factor of 60455626?
False
Is 14 a factor of 299455557?
False
Is 4644815 a multiple of 28?
False
Is 18194968 a multiple of 8?
True
Is 113688344 a multiple of 13?
False
Is 23 a factor of 90588294?
False
Is 41036519 a multiple of 11?
False
Does 82 divide 3684302874?
False
Is 403047665 a multiple of 4?
False
Does 7 divide 1836637?
False
Does 354 divide 64558946?
False
Is 101 a factor of 274033402?
True
Is 496 a factor of 49822704?
True
Is 3 a factor of 23914836?
True
Is 1949 a factor of 122159422?
True
Does 25 divide 1106060271?
False
Is 18620452 a multiple of 347?
False
Is 32 a factor of 2691036681?
False
Is 208 a factor of 85219679?
False
Is 97 a factor of 19623682?
True
Is 26411123 a multiple of 435?
False
Does 43 divide 325690170?
True
Is 1627065429 a multiple of 3325?
False
Is 289701560 a multiple of 529?
True
Does 121 divide 270913987?
False
Is 324 a factor of 43219008?
True
Is 861908376 a multiple of 84?
True
Is 98699598 a multiple of 271?
False
Is 9386087 a multiple of 47?
False
Is 1031 a factor of 1145585142?
False
Is 1363726 a multiple of 11?
False
Is 35 a factor of 327360241?
False
Is 302263 a multiple of 3535?
False
Is 165880 a multiple of 110?
True
Is 5366832 a multiple of 8?
True
Is 4 a factor of 628200?
True
Is 31532472 a multiple of 18?
True
Is 63637726 a multiple of 2698?
True
Is 12436610 a multiple of 185?
False
Is 32 a factor of 21158432?
True
Does 136 divide 216055312?
True
Is 3272763 a multiple of 339?
False
Does 55 divide 627850197?
False
Is 2119530461 a multiple of 42?
False
Does 11 divide 15349785?
True
Is 42892668 a multiple of 52?
True
Does 518 divide 2127509563?
False
Is 82560572 a multiple of 122?
True
Is 58503224 a multiple of 26?
True
Is 514 a factor of 14050190?
True
Does 114 divide 105304536?
True
Does 12402 divide 4254865758?
True
Is 14499406 a multiple of 73?
True
Is 1432985910 a multiple of 318?
True
Is 37967138 a multiple of 13?
False
Is 1375218954 a multiple of 11?
False
Is 53 a factor of 3013209?
True
Is 283361440 a multiple of 1360?
True
Does 479 divide 434868293?
True
Is 8196937 a multiple of 29?
True
Does 3576 divide 288962256?
True
Does 158 divide 4035685564?
False
Does 19 divide 490478213?
False
Is 79 a factor of 50033623?
True
Is 152917851 a multiple of 296?
False
Is 629327465 a multiple of 101?
True
Is 692441017 a multiple of 9?
False
Does 266 divide 21669353?
False
Is 432 a factor of 178670921?
False
Does 149 divide 1435425278?
False
Is 124674590 a multiple of 57?
False
Does 564 divide 1347359340?
True
Does 382 divide 267160862?
False
Is 357 a factor of 64603047?
False
Is 595 a factor of 1019064980?
False
Does 21 divide 386448408?
False
Does 238 divide 1895918710?
True
Does 40 divide 83262320?
True
Does 470 divide 1130767219?
False
Is 3497797146 a multiple of 109?
False
Does 2440 divide 21479320?
True
Does 5 divide 2879015?
True
Is 741326196 a multiple of 52?
True
Is 1876037426 a multiple of 382?
False
Is 1906 a factor of 10071304?
True
Is 39190496 a multiple of 683?
False
Is 272 a factor of 2938791904?
True
Is 15227126 a multiple of 2?
True
Is 8 a factor of 43216041?
False
Does 15 divide 311510321?
False
Is 7175845 a multiple of 10?
False
Is 12 a factor of 8525676?
True
Does 357 divide 14684838?
True
Is 86792437 a multiple of 18?
False
Is 407 a factor of 10613339?
True
Is 307715023 a multiple of 181?
True
Is 114946468 a multiple of 4837?
True
Is 59 a factor of 62703076?
True
Does 63 divide 165095343?
True
Does 15 divide 431308174?
False
Is 576 a factor of 245423232?
True
Does 239 divide 95455644?
True
Does 780 divide 23263500?
True
Does 11 divide 154706799?
False
Does 365 divide 194845760?
True
Is 495 a factor of 733879575?
True
Is 717 a factor of 31619061?
False
Is 1047230054 a multiple of 16?
False
Is 32 a factor of 9820896?
True
Is 380 a factor of 495040020?
False
Is 7774621723 a multiple of 814?
False
Does 10962 divide 434160972?
True
Is 2 a factor of 57511016?
True
Is 84 a factor of 65949912?
True
Is 102059892 a multiple of 297?
True
Is 64620700 a multiple of 116?
True
Is 1436 a factor of 55256252?
False
Is 227001268 a multiple of 49?
False
Is 82426500 a multiple of 1125?
True
Is 405 a factor of 40929705?
True
Does 255 divide 915450255?
True
Is 217770400 a multiple of 160?
True
Is 92 a factor of 3189130504?
True
Is 20337392 a multiple of 13?
False
Is 1676 a factor of 2125246772?
True
Is 1925067659 a multiple of 1624?
False
Does 82 divide 43379411?
False
Is 1870 a factor of 483858373?
False
Is 745170655 a multiple of 151?
True
Does 10 divide 20134171?
False
Does 8 divide 322076936?
True
Is 21 a factor of 43128011?
False
Does 1661 divide 180037451?
True
Is 29 a factor of 203084303?
True
Is 16 a factor of 259444112?
True
Is 237 a factor of 13528784?
False
Does 11 divide 809975177?
True
Is 11883193 a multiple of 7?
True
Does 5185 divide 356499860?
True
Is 150610129 a